{"id":1163,"date":"2025-01-24T08:59:08","date_gmt":"2025-01-24T08:59:08","guid":{"rendered":"http:\/\/fundacja-harmonia.pl\/?page_id=1163"},"modified":"2025-01-24T09:07:24","modified_gmt":"2025-01-24T09:07:24","slug":"koncert18-19-01-2025","status":"publish","type":"page","link":"http:\/\/fundacja-harmonia.pl\/?page_id=1163","title":{"rendered":"koncert18-19.01.2025"},"content":{"rendered":"\t\t<div data-elementor-type=\"wp-page\" data-elementor-id=\"1163\" class=\"elementor elementor-1163\" data-elementor-settings=\"{&quot;ha_cmc_init_switcher&quot;:&quot;no&quot;}\">\n\t\t\t\t<div class=\"elementor-element elementor-element-1e7fbb8 e-flex e-con-boxed e-con e-parent\" data-id=\"1e7fbb8\" data-element_type=\"container\" data-e-type=\"container\" data-settings=\"{&quot;background_background&quot;:&quot;classic&quot;,&quot;_ha_eqh_enable&quot;:false}\">\n\t\t\t\t\t<div class=\"e-con-inner\">\n\t\t<div class=\"elementor-element elementor-element-98481d8 e-con-full e-flex e-con e-child\" data-id=\"98481d8\" data-element_type=\"container\" data-e-type=\"container\" data-settings=\"{&quot;_ha_eqh_enable&quot;:false}\">\n\t\t\t\t<div class=\"elementor-element elementor-element-86f9240 elementor-widget elementor-widget-heading\" data-id=\"86f9240\" data-element_type=\"widget\" data-e-type=\"widget\" data-widget_type=\"heading.default\">\n\t\t\t\t<div class=\"elementor-widget-container\">\n\t\t\t\t\t<h2 class=\"elementor-heading-title elementor-size-default\">FUNDACJA<\/h2>\t\t\t\t<\/div>\n\t\t\t\t<\/div>\n\t\t\t\t<\/div>\n\t\t<div class=\"elementor-element elementor-element-c92b69a e-con-full e-flex e-con e-child\" data-id=\"c92b69a\" data-element_type=\"container\" data-e-type=\"container\" data-settings=\"{&quot;_ha_eqh_enable&quot;:false}\">\n\t\t\t\t<div class=\"elementor-element elementor-element-6350845 elementor-widget elementor-widget-heading\" data-id=\"6350845\" data-element_type=\"widget\" data-e-type=\"widget\" data-widget_type=\"heading.default\">\n\t\t\t\t<div class=\"elementor-widget-container\">\n\t\t\t\t\t<h2 class=\"elementor-heading-title elementor-size-default\">HARMONIA<\/h2>\t\t\t\t<\/div>\n\t\t\t\t<\/div>\n\t\t\t\t<div class=\"elementor-element elementor-element-5885ede elementor-widget elementor-widget-heading\" data-id=\"5885ede\" data-element_type=\"widget\" data-e-type=\"widget\" data-widget_type=\"heading.default\">\n\t\t\t\t<div class=\"elementor-widget-container\">\n\t\t\t\t\t<h2 class=\"elementor-heading-title elementor-size-default\">Sztuka edukuje, inspiruje, \u0142\u0105czy.<\/h2>\t\t\t\t<\/div>\n\t\t\t\t<\/div>\n\t\t\t\t<div class=\"elementor-element elementor-element-44f562f elementor-widget elementor-widget-heading\" data-id=\"44f562f\" data-element_type=\"widget\" data-e-type=\"widget\" data-widget_type=\"heading.default\">\n\t\t\t\t<div class=\"elementor-widget-container\">\n\t\t\t\t\t<h2 class=\"elementor-heading-title elementor-size-default\">Do\u0142\u0105cz do nas i tw\u00f3rz przysz\u0142o\u015b\u0107!<\/h2>\t\t\t\t<\/div>\n\t\t\t\t<\/div>\n\t\t\t\t<\/div>\n\t\t\t\t\t<\/div>\n\t\t\t\t<\/div>\n\t\t<div class=\"elementor-element elementor-element-14c22c8 e-flex e-con-boxed e-con e-parent\" data-id=\"14c22c8\" data-element_type=\"container\" data-e-type=\"container\" data-settings=\"{&quot;_ha_eqh_enable&quot;:false}\">\n\t\t\t\t\t<div class=\"e-con-inner\">\n\t\t\t\t<div class=\"elementor-element elementor-element-64c87e6 elementor-widget elementor-widget-heading\" data-id=\"64c87e6\" data-element_type=\"widget\" data-e-type=\"widget\" data-widget_type=\"heading.default\">\n\t\t\t\t<div class=\"elementor-widget-container\">\n\t\t\t\t\t<h2 class=\"elementor-heading-title elementor-size-default\">Koncert dla Julka i Mirka 18 - 19.01.2025 r.<\/h2>\t\t\t\t<\/div>\n\t\t\t\t<\/div>\n\t\t\t\t<div class=\"elementor-element elementor-element-34f36e8 elementor-widget elementor-widget-text-editor\" data-id=\"34f36e8\" data-element_type=\"widget\" data-e-type=\"widget\" data-widget_type=\"text-editor.default\">\n\t\t\t\t<div class=\"elementor-widget-container\">\n\t\t\t\t\t\t\t\t\t<p>W dniach 18 i 19 stycznia odby\u0142 si\u0119 koncert charytatywny na rzecz Julka i Mirka, zorganizowany przez Rad\u0119 Rodzic\u00f3w oraz nauczycieli, przy ogromnym wsparciu uczni\u00f3w, kt\u00f3rzy aktywnie w\u0142\u0105czyli si\u0119 w przygotowania jako wolontariusze. Wydarzenie mia\u0142o na celu wsparcie Julka, absolwenta naszej szko\u0142y, oraz Mirka, muzyka i ojca jednego z naszych uczni\u00f3w, kt\u00f3rzy wymagaj\u0105 rehabilitacji, by powr\u00f3ci\u0107 do pe\u0142ni si\u0142.<\/p><p>Koncert zgromadzi\u0142 liczn\u0105 publiczno\u015b\u0107, a na scenie zaprezentowa\u0142y si\u0119 zar\u00f3wno uczniowskie talenty, jak i lokalni arty\u015bci. W szczeg\u00f3lno\u015bci go\u015bcinnie wyst\u0105pi\u0142a grupa Mocarta, kt\u00f3rej wyst\u0119p wzbogaci\u0142 wydarzenie i doda\u0142 mu niepowtarzalnego charakteru. Arty\u015bci zachwycili publiczno\u015b\u0107 swoim profesjonalizmem i muzycznym kunsztem, a ich wyst\u0119p sta\u0142 si\u0119 jednym z najwa\u017cniejszych punkt\u00f3w wieczoru. Ca\u0142o\u015b\u0107 przedsi\u0119wzi\u0119cia by\u0142a mo\u017cliwa dzi\u0119ki zaanga\u017cowaniu ca\u0142ej spo\u0142eczno\u015bci szkolnej \u2013 uczniowie, nauczyciele i rodzice po\u0142\u0105czyli si\u0142y, by stworzy\u0107 niezapomnian\u0105 atmosfer\u0119, a zebrane fundusze przekazane zosta\u0142y na leczenie i rehabilitacj\u0119 Julka i Mirka.<\/p><p>Wolontariusze przygotowali dekoracje, pomagali w organizacji technicznej, a tak\u017ce zapewniali opiek\u0119 nad go\u015b\u0107mi, co sprawi\u0142o, \u017ce wydarzenie przebieg\u0142o sprawnie i w mi\u0142ej atmosferze. Ca\u0142o\u015b\u0107 koncertu by\u0142a dowodem na to, jak wielka si\u0142a tkwi w solidarno\u015bci i wzajemnym wsparciu spo\u0142eczno\u015bci szkolnej, kt\u00f3ra potrafi zjednoczy\u0107 si\u0119 w imi\u0119 pomocy potrzebuj\u0105cym.<\/p><p>Dzi\u0119ki zaanga\u017cowaniu wszystkich, koncert zako\u0144czy\u0142 si\u0119 sukcesem, a zgromadzone \u015brodki stanowi\u0142y cenn\u0105 pomoc w rehabilitacji Julka i Mirka. Wszyscy uczestnicy wydarzenia mog\u0105 czu\u0107 si\u0119 dumni z tego, \u017ce przyczynili si\u0119 do tak szczytnego celu.<\/p>\t\t\t\t\t\t\t\t<\/div>\n\t\t\t\t<\/div>\n\t\t<div class=\"elementor-element elementor-element-f197874 e-con-full e-flex e-con e-child\" data-id=\"f197874\" data-element_type=\"container\" data-e-type=\"container\" data-settings=\"{&quot;_ha_eqh_enable&quot;:false}\">\n\t\t\t\t<div class=\"elementor-element elementor-element-3f4acfe elementor-widget elementor-widget-eael-sticky-video\" data-id=\"3f4acfe\" data-element_type=\"widget\" data-e-type=\"widget\" data-widget_type=\"eael-sticky-video.default\">\n\t\t\t\t<div class=\"elementor-widget-container\">\n\t\t\t\t\t<div class=\"eael-sticky-video-wrapper eaelsv-overlay-visibility-\"><div class=\"eael-sticky-video-player2\" data-sticky=\"yes\" data-position=\"bottom-right\" data-sheight=\"169\" data-swidth=\"300\" data-scroll_height=\"70\" data-autoplay=\"no\" data-overlay=\"no\"><video class=\"eaelsv-player\" id=\"eaelsv-player-3f4acfe\" playsinline controls data-plyr-config=\"{&quot;autoplay&quot;:0, &quot;muted&quot;:0, &quot;loop&quot;: {&quot;active&quot;: false}}\">\n\t\t\t<source src=\"http:\/\/fundacja-harmonia.pl\/wp-content\/uploads\/2025\/01\/Film-od-Adam.mp4#t=,\" type=\"video\/mp4\" \/>\n\t\t<\/video>\n\t\t\t\t<span class=\"eaelsv-sticky-player-close\"><i class=\"fas fa-times-circle\"><\/i><\/span>\n\t\t\t<\/div>\n\t\t<\/div>\t\t\t\t<\/div>\n\t\t\t\t<\/div>\n\t\t\t\t<\/div>\n\t\t\t\t\t<\/div>\n\t\t\t\t<\/div>\n\t\t\t\t<\/div>\n\t\t","protected":false},"excerpt":{"rendered":"<p>FUNDACJA HARMONIA Sztuka edukuje, inspiruje, \u0142\u0105czy. Do\u0142\u0105cz do nas i tw\u00f3rz przysz\u0142o\u015b\u0107! Koncert dla Julka i Mirka 18 &#8211; 19.01.2025 r. W dniach 18 i 19 stycznia odby\u0142 si\u0119 koncert charytatywny na rzecz Julka i Mirka, zorganizowany przez Rad\u0119 Rodzic\u00f3w oraz nauczycieli, przy ogromnym wsparciu uczni\u00f3w, kt\u00f3rzy aktywnie w\u0142\u0105czyli si\u0119 w przygotowania jako wolontariusze. Wydarzenie [&hellip;]<\/p>\n","protected":false},"author":3,"featured_media":0,"parent":0,"menu_order":0,"comment_status":"closed","ping_status":"closed","template":"elementor_canvas","meta":{"footnotes":""},"folder":[9],"class_list":["post-1163","page","type-page","status-publish","hentry"],"_links":{"self":[{"href":"http:\/\/fundacja-harmonia.pl\/index.php?rest_route=\/wp\/v2\/pages\/1163","targetHints":{"allow":["GET"]}}],"collection":[{"href":"http:\/\/fundacja-harmonia.pl\/index.php?rest_route=\/wp\/v2\/pages"}],"about":[{"href":"http:\/\/fundacja-harmonia.pl\/index.php?rest_route=\/wp\/v2\/types\/page"}],"author":[{"embeddable":true,"href":"http:\/\/fundacja-harmonia.pl\/index.php?rest_route=\/wp\/v2\/users\/3"}],"replies":[{"embeddable":true,"href":"http:\/\/fundacja-harmonia.pl\/index.php?rest_route=%2Fwp%2Fv2%2Fcomments&post=1163"}],"version-history":[{"count":4,"href":"http:\/\/fundacja-harmonia.pl\/index.php?rest_route=\/wp\/v2\/pages\/1163\/revisions"}],"predecessor-version":[{"id":1175,"href":"http:\/\/fundacja-harmonia.pl\/index.php?rest_route=\/wp\/v2\/pages\/1163\/revisions\/1175"}],"wp:attachment":[{"href":"http:\/\/fundacja-harmonia.pl\/index.php?rest_route=%2Fwp%2Fv2%2Fmedia&parent=1163"}],"wp:term":[{"taxonomy":"folder","embeddable":true,"href":"http:\/\/fundacja-harmonia.pl\/index.php?rest_route=%2Fwp%2Fv2%2Ffolder&post=1163"}],"curies":[{"name":"wp","href":"https:\/\/api.w.org\/{rel}","templated":true}]}}

<div data-elementor-type="wp-page" data-elementor-id="1163" class="elementor elementor-1163" data-elementor-settings="{&quot;ha_cmc_init_switcher&quot;:&quot;no&quot;}">
				<div class="elementor-element elementor-element-1e7fbb8 e-flex e-con-boxed e-con e-parent" data-id="1e7fbb8" data-element_type="container" data-e-type="container" data-settings="{&quot;background_background&quot;:&quot;classic&quot;,&quot;_ha_eqh_enable&quot;:false}">
					<div class="e-con-inner">
		<div class="elementor-element elementor-element-98481d8 e-con-full e-flex e-con e-child" data-id="98481d8" data-element_type="container" data-e-type="container" data-settings="{&quot;_ha_eqh_enable&quot;:false}">
				<div class="elementor-element elementor-element-86f9240 elementor-widget elementor-widget-heading" data-id="86f9240" data-element_type="widget" data-e-type="widget" data-widget_type="heading.default">
				<div class="elementor-widget-container">
					<h2 class="elementor-heading-title elementor-size-default">FUNDACJA</h2>				</div>
				</div>
				</div>
		<div class="elementor-element elementor-element-c92b69a e-con-full e-flex e-con e-child" data-id="c92b69a" data-element_type="container" data-e-type="container" data-settings="{&quot;_ha_eqh_enable&quot;:false}">
				<div class="elementor-element elementor-element-6350845 elementor-widget elementor-widget-heading" data-id="6350845" data-element_type="widget" data-e-type="widget" data-widget_type="heading.default">
				<div class="elementor-widget-container">
					<h2 class="elementor-heading-title elementor-size-default">HARMONIA</h2>				</div>
				</div>
				<div class="elementor-element elementor-element-5885ede elementor-widget elementor-widget-heading" data-id="5885ede" data-element_type="widget" data-e-type="widget" data-widget_type="heading.default">
				<div class="elementor-widget-container">
					<h2 class="elementor-heading-title elementor-size-default">Sztuka edukuje, inspiruje, łączy.</h2>				</div>
				</div>
				<div class="elementor-element elementor-element-44f562f elementor-widget elementor-widget-heading" data-id="44f562f" data-element_type="widget" data-e-type="widget" data-widget_type="heading.default">
				<div class="elementor-widget-container">
					<h2 class="elementor-heading-title elementor-size-default">Dołącz do nas i twórz przyszłość!</h2>				</div>
				</div>
				</div>
					</div>
				</div>
		<div class="elementor-element elementor-element-14c22c8 e-flex e-con-boxed e-con e-parent" data-id="14c22c8" data-element_type="container" data-e-type="container" data-settings="{&quot;_ha_eqh_enable&quot;:false}">
					<div class="e-con-inner">
				<div class="elementor-element elementor-element-64c87e6 elementor-widget elementor-widget-heading" data-id="64c87e6" data-element_type="widget" data-e-type="widget" data-widget_type="heading.default">
				<div class="elementor-widget-container">
					<h2 class="elementor-heading-title elementor-size-default">Koncert dla Julka i Mirka 18 - 19.01.2025 r.</h2>				</div>
				</div>
				<div class="elementor-element elementor-element-34f36e8 elementor-widget elementor-widget-text-editor" data-id="34f36e8" data-element_type="widget" data-e-type="widget" data-widget_type="text-editor.default">
				<div class="elementor-widget-container">
									<p>W dniach 18 i 19 stycznia odbył się koncert charytatywny na rzecz Julka i Mirka, zorganizowany przez Radę Rodziców oraz nauczycieli, przy ogromnym wsparciu uczniów, którzy aktywnie włączyli się w przygotowania jako wolontariusze. Wydarzenie miało na celu wsparcie Julka, absolwenta naszej szkoły, oraz Mirka, muzyka i ojca jednego z naszych uczniów, którzy wymagają rehabilitacji, by powrócić do pełni sił.</p><p>Koncert zgromadził liczną publiczność, a na scenie zaprezentowały się zarówno uczniowskie talenty, jak i lokalni artyści. W szczególności gościnnie wystąpiła grupa Mocarta, której występ wzbogacił wydarzenie i dodał mu niepowtarzalnego charakteru. Artyści zachwycili publiczność swoim profesjonalizmem i muzycznym kunsztem, a ich występ stał się jednym z najważniejszych punktów wieczoru. Całość przedsięwzięcia była możliwa dzięki zaangażowaniu całej społeczności szkolnej – uczniowie, nauczyciele i rodzice połączyli siły, by stworzyć niezapomnianą atmosferę, a zebrane fundusze przekazane zostały na leczenie i rehabilitację Julka i Mirka.</p><p>Wolontariusze przygotowali dekoracje, pomagali w organizacji technicznej, a także zapewniali opiekę nad gośćmi, co sprawiło, że wydarzenie przebiegło sprawnie i w miłej atmosferze. Całość koncertu była dowodem na to, jak wielka siła tkwi w solidarności i wzajemnym wsparciu społeczności szkolnej, która potrafi zjednoczyć się w imię pomocy potrzebującym.</p><p>Dzięki zaangażowaniu wszystkich, koncert zakończył się sukcesem, a zgromadzone środki stanowiły cenną pomoc w rehabilitacji Julka i Mirka. Wszyscy uczestnicy wydarzenia mogą czuć się dumni z tego, że przyczynili się do tak szczytnego celu.</p>								</div>
				</div>
		<div class="elementor-element elementor-element-f197874 e-con-full e-flex e-con e-child" data-id="f197874" data-element_type="container" data-e-type="container" data-settings="{&quot;_ha_eqh_enable&quot;:false}">
				<div class="elementor-element elementor-element-3f4acfe elementor-widget elementor-widget-eael-sticky-video" data-id="3f4acfe" data-element_type="widget" data-e-type="widget" data-widget_type="eael-sticky-video.default">
				<div class="elementor-widget-container">
					<div class="eael-sticky-video-wrapper eaelsv-overlay-visibility-"><div class="eael-sticky-video-player2" data-sticky="yes" data-position="bottom-right" data-sheight="169" data-swidth="300" data-scroll_height="70" data-autoplay="no" data-overlay="no"><video class="eaelsv-player" id="eaelsv-player-3f4acfe" playsinline controls data-plyr-config="{&quot;autoplay&quot;:0, &quot;muted&quot;:0, &quot;loop&quot;: {&quot;active&quot;: false}}">
			<source src="http://fundacja-harmonia.pl/wp-content/uploads/2025/01/Film-od-Adam.mp4#t=," type="video/mp4" />
		</video>
				<span class="eaelsv-sticky-player-close"><i class="fas fa-times-circle"></i></span>
			</div>
		</div>				</div>
				</div>
				</div>
					</div>
				</div>
				</div>

<p>FUNDACJA HARMONIA Sztuka edukuje, inspiruje, łączy. Dołącz do nas i twórz przyszłość! Koncert dla Julka i Mirka 18 &#8211; 19.01.2025 r. W dniach 18 i 19 stycznia odbył się koncert charytatywny na rzecz Julka i Mirka, zorganizowany przez Radę Rodziców oraz nauczycieli, przy ogromnym wsparciu uczniów, którzy aktywnie włączyli się w przygotowania jako wolontariusze. Wydarzenie [&hellip;]</p>
